522 = 0. Is m a prime number?
True
Let l = -5508 + 40015. Is l a prime number?
False
Suppose b + 4*n = -14, -85 = 4*n - 69. Let u(g) be the third derivative of 43*g**6/60 + g**5/30 + g**4/8 - 5*g**3/6 - 2*g**2. Is u(b) a composite number?
True
Suppose -9347 - 43189 = -11*c. Let o = c + 14345. Is o composite?
False
Suppose 5*n = 29*n - 40320. Let k = n + -469. Is k a composite number?
True
Suppose 4*r - 3*b - 22 = 0, 3*b - 19 = -3*r + 4*b. Let f(u) = 139*u - 44. Let a be f(r). Let x = -358 + a. Is x prime?
True
Is (1 - -7 - (-378324)/2) + 9 prime?
False
Let x be ((-30)/(-12))/((-1)/18). Let s = 45 + x. Suppose 5*r + 3*l - 9876 = s, -2*r + l = -0*l - 3957. Is r a composite number?
True
Suppose 229581 = -8*j + 2296061 + 2776760. Is j a prime number?
False
Let u be ((-3)/3)/(2/(-74)). Suppose v - 582 = -3*t, -3*v + v + 194 = t. Suppose 0 = 2*h - z - 108, z = -3*h + t - u. Is h a prime number?
True
Let r be 6 + 17/(17/(-18)). Is (r/10)/(8 - 13482/1685) composite?
True
Suppose -2*s - 8 = -4*s. Suppose -2*f = -6, -3*u + 0*u - 4*f + 24 = 0. Suppose 0 = 2*d - s*p - 246, -u*p = 4*d + 274 - 706. Is d a composite number?
False
Let v(p) = p + 9. Let z be v(-5). Suppose 0 = -73*j + 98*j - 80000. Suppose 5*m = z*d - 2559, d - 6*d + j = -5*m. Is d composite?
False
Let g(t) be the first derivative of t**2/2 - t - 4. Let x(d) = 135*d - 14. Let o(b) = g(b) + x(b). Is o(11) prime?
True
Let w(z) = -435*z + 81. Let h(k) = -218*k + 41. Let n(s) = -7*h(s) + 4*w(s). Is n(-7) a composite number?
True
Let i(d) = d + 22. Let r be i(-9). Suppose 11*v - 8 = r*v. Let k(u) = -37*u + 31. Is k(v) composite?
False
Suppose -20*p = -15*p - 15. Suppose 48 = -2*v - p*v + 2*o, v = 3*o - 20. Is v/(-4)*1 + -1 + 532 a composite number?
True
Suppose 7*m = -15*m + 16*m + 14474514. Is m prime?
False
Let t(g) = -4 + 101*g**2 + 19*g - 97*g**2 + 5 - 5. Is t(5) a prime number?
True
Suppose 27*i = 39075 + 55722. Suppose 0 = 12*l - 13*l, 3*l - i = -t. Is t a composite number?
False
Let f(k) = -31*k**2 - 53*k - 46. Let v be f(24). Let a = v - -41771. Is a a prime number?
False
Is (44/16)/(21/1029644) - 12/9 a composite number?
True
Is (1*408854)/(-1 + -1)*(-82 + 81) a composite number?
False
Suppose -5*u + 53213 = 4*c, -5*c - 2*u - 2*u = -66523. Is c composite?
True
Let q(j) = j**3 - 4*j**2 + j - 9. Let p be q(4). Is (3/(1 - p)*628)/1 a composite number?
True
Let s(d) = 25837*d**2 + 10*d - 6. Is s(1) a prime number?
True
Let q be ((-50)/15)/((-2)/(-3)). Let i(b) = 7*b**2 + 2*b + 2. Is i(q) a composite number?
False
Suppose 0 = 11*l - 2*l. Is 3/(-6)*(-50846 + (l - 0)) a composite number?
False
Let v(a) be the third derivative of 16/3*a**3 + 7/24*a**4 + 0*a + 18*a**2 + 0. Is v(6) a prime number?
False
Let m(p) = 2*p**3 + 20*p**2 - 24*p - 19. Let i be m(-11). Is (-2418 - 16)*4/(-5 - i) composite?
False
Let h(l) = -46*l - 314. Let t be h(-7). Suppose 7*g = 2*g. Suppose -t*a + 4*a + 1788 = g. Is a composite?
True
Suppose 87*t - 68270 = 77*t. Let g = t + -3224. Is g prime?
False
Suppose -1082*w - 4*u - 9136963 = -1087*w, 2*w + 2*u - 3654796 = 0. Is w prime?
False
Let g = 6595 + -5876. Is g a prime number?
True
Let o be ((-3)/(-1))/(3/9). Suppose 0 = -o*i + 3*i + 18. Suppose -6*h = -i*h - 699. Is h composite?
False
Suppose 3*f - 7*f + 24 = 0. Suppose -i + 5133 = 4*m, 2*m + 2*i = 4*i + 2574. Suppose f*s - m = 1098. Is s a composite number?
False
Let l be (30/(-4) + 5)/((-3)/6). Suppose -3*v - 5*w = -10599 + 3085, -2*v = l*w - 5011. Is v prime?
True
Suppose 0 = 2*k - 20*p + 16*p, -5*k = 4*p - 70. Is k/10*(2 - -2928)/2 composite?
True
Let z(l) = 108*l**2 + 11*l - 13. Let u be z(2). Let y = -298 + u. Is y composite?
True
Let v = -23230 + -3077. Let l = -11566 - v. Is l a prime number?
True
Is (-4410)/14*(4 - 8890/6) - 2 prime?
True
Suppose -5886 = 6*b - 966. Let i = b - -6281. Is i composite?
True
Suppose 3*g + 4 = 4*g. Suppose -g*n = -306 + 70. Is n a prime number?
True
Let r(m) = m**3 + 12*m**2 + 12*m - 9. Let w be r(-11). Let x be (1 - 3853/(-5)) + 12/w. Suppose 1 = -o, -3*o - x = -l + 133. Is l a prime number?
False
Suppose 24*f - 2896247 = -5*c + 28*f, -5*f - 1737743 = -3*c. Is c composite?
False
Let q = 140 - 135. Let b be (-15)/3 + q - -4. Suppose 0 = 4*r - b*d - 4644, 2*r = -5*d + 1022 + 1314. Is r prime?
True
Suppose -5*x + 40 = 5*y, 3*y + 0*x = -5*x + 18. Suppose -y + 11 = -3*c. Suppose 3*r - 3*i - 2*i - 42 = c, -4 = -r + 5*i. Is r composite?
False
Suppose -23*s - 202 = -1329. Suppose -5*u = -5*t - 1640, -2*u - 2*t = s - 717. Is u a composite number?
False
Let q = -176 - -216. Is 22*-5*(-3148)/q composite?
True
Suppose 0*d - 12 = -d. Suppose -32396 = -72*p - 6382 + 9698. Is 3 + (4 - d) + p prime?
True
Let g(t) = -108*t - 115*t + 215*t + 2 + 102*t**2 + 91*t**2 - 3. Is g(6) a composite number?
False
Suppose d = -3*i + 83, 2*d - 4*d + 82 = 3*i. Suppose -2*x + i = 5*x. Suppose -413 = -3*t - x*t. Is t prime?
True
Let t(d) = 1394*d**3 - 2*d**2 - 2*d - 1. Let n be t(-1). Suppose -157*c - 5824 = 7090 + 8438. Let p = c - n. Is p composite?
False
Let m = -52515 - -73550. Suppose -2735 = -2*o + m. Is o prime?
False
Let y(v) be the first derivative of 5*v**4 - 7*v**3/3 + 7*v**2/2 - 10*v + 17. Let i be y(4). Suppose -t = t - i. Is t a composite number?
False
Let q(m) = 35*m**2 - 3*m - 15. Let t = -128 - -118. Let r be t*(-1)/(-2) + -3. Is q(r) prime?
False
Suppose w + 1069 = -0*w + 4*o, 3163 = -3*w + o. Suppose -2*q + 268 = 5*t + 9618, 3*t = q - 5599. Let v = w - t. Is v a composite number?
True
Suppose 36722132 - 277714600 = -172*x. Is x a prime number?
True
Let g(l) be the third derivative of -15*l**4/2 + 7*l**3/6 + 28*l**2. Suppose -5*j - 5*u - 20 = -0*u, j = 5*u - 10. Is g(j) a composite number?
False
Let h be (-1)/(-5) - (240/(-50) + -8). Suppose 0 = -4*q + j + 5562, -14*q + 1389 = -h*q - j. Is q a composite number?
True
Let d = 75 - -258. Suppose 5*f - 2123 + d = 0. Let v = -147 + f. Is v a composite number?
False
Suppose -2*q + 81050 = -2*l, -3*q + 49*l + 121581 = 48*l. Suppose 17412 + q = 4*p. Is p a prime number?
False
Suppose -60869 = 11*y - 486228. Is y a prime number?
True
Suppose -2*t - 4*w = -10, -2*w + 5 + 15 = -2*t. Let m(q) = q**2 + 10*q + 6. Let u be m(t). Let i(a) = -a**3 - 20*a**2 - 25*a - 1. Is i(u) prime?
True
Let k(j) = 725*j**2 + 4*j - 10. Let c be k(7). Suppose 16*f + 13191 = c. Is f a composite number?
True
Let d = 180489 - 59950. Is d prime?
True
Let f(u) = -12289*u - 87. Is f(-4) prime?
True
Suppose 4*t = b - 267053, -5*b - t + 6*t = -1335205. Is b prime?
True
Let t = 30 - 21. Suppose 3*d - t = 45. Let b(i) = 14*i + 43. Is b(d) prime?
False
Let m(d) = -d**3 - 19*d**2 - 20*d - 32. Let x be m(-18). Suppose -3*w = -2*g - 11360 + 281, 0 = -2*w - x*g + 7370. Is w a prime number?
True
Suppose -q + 0*t + 37 = t, -q + 37 = -5*t. Is q/(426/844 - (-1)/(-2)) prime?
False
Let g(z) = 7*z**2 - 29*z - 21. Let a(v) = -13*v**2 + 57*v + 43. Let n(m) = -6*a(m) - 11*g(m). Let s be n(24). Is (2411/3*s)/(-1) prime?
True
Suppose -474*s + 478*s - 2250875 = -3*m, 4*m + 2250896 = 4*s. Is s composite?
False
Is 20/35 - 56787803/(-119) prime?
True
Suppose 760786 = 80*q - 22*q. Is q composite?
True
Suppose 59*t + 217 = 630. Is (t/(-28))/(5/(-91100)) a composite number?
True
Suppose 0 = b + 3. Let w be b/(-2)*6170/15. Let c = w - -60. Is c composite?
False
Suppose -12*i = -7*i - 3*n - 444815, -2*i - 4*n = -177952. Is i a composite number?
True
Let x be 10*1*10/(-200)*-10. Suppose x*r - 1357 + 362 = 0. Is r a prime number?
True
Is (-15)/((-150)/(-46210))*-11 prime?
False
Is (88929/(-5) - -2)*-10 a prime number?
False
Suppose -5*p = 3*q - 450974, 17*p = q + 20*p - 150318. Is q a prime number?
False
Let y be 0 + 1819 - 4 - -5. Suppose -l = -2, -2*j + 8*l - 11*l + y = 0. Is j a composite number?
False
Suppose -d = -3, 0 = -3*p - 60*d + 57*d + 7935744. Is p a prime number?
False
Let n(q) = -q - 10. Let v be n(-12). Let m be (9/27)/(v/42582). Suppose 5*a + 602 = m. Is a composite?
True
Suppose -2*z + 2*w = -11580, z + 3*w - 5800 = 2*w. Let j = 20948 - z. Is j a composite number?
True
Let q = -127 - -207. Suppose 8*y = 4*y + q. Suppose f + y = 211. Is f composite?
False
Let z be 1 - ((-30)/(-5) - 1). Is z - (116 + 5)*-41 a prime number?
True
Suppose 22*v + 8*v - 480 = 0. Suppose -s = v*s - 5083. Is s prime?
False
